mmon divisor of h and v.
10
Let i(k) = -k**2 + 8*k + 3. Let b be i(8). Let m = 21 - b. Calculate the greatest common factor of m and 72.
18
Suppose 84 = 2*f + y - 201, -4*f - y + 571 = 0. Calculate the highest common factor of 13 and f.
13
Suppose 9 + 62 = 5*c - 3*i, 0 = -4*c + i + 61. Suppose 104 + c = 4*r. Suppose -4*f - r = -9*f. What is the greatest common factor of f and 18?
6
Suppose 4*x + 13 - 61 = 0. Suppose -2*z + 155 + 13 = 0. Calculate the highest common divisor of x and z.
12
Let n(z) = -z - 6. Let o be n(0). Let f(g) = -8. Let u(s) = s. Let r(c) = f(c) - 3*u(c). Let k be r(o). Calculate the greatest common factor of k and 10.
10
Let v(k) = -k**3 + 2*k**2 + k - 5. Let r be v(-6). Let n = r - 145. Calculate the highest common factor of 12 and n.
12
Let n(t) = 22*t**2 + t. Let y be n(2). Suppose s - 4 = -0*s. Suppose 0 = -2*v - 3*d - d + 40, s*v = 5*d + 15. Calculate the greatest common divisor of y and v.
10
Let p be (-4)/12 - 50/(-6). Calculate the highest common divisor of 56 and p.
8
Let j(g) = g**3 + 6*g**2 + 5*g + 3. Let a be j(-6). Let w = a - -153. What is the highest common factor of w and 21?
21
Let w = -10 + 10. Suppose w*k - 189 = -3*k. Let j(u) = -2*u - 3. Let v be j(-5). What is the highest common factor of v and k?
7
Let v(m) be the second derivative of 3*m**5/10 + m. Let p = -5 + 6. Let b be v(p). What is the greatest common factor of 30 and b?
6
Suppose 0 = -5*y - 5, -5*j - y + 24 = -0*y. What is the highest common divisor of 1 and j?
1
Suppose b - 420 = -9*x + 4*x, 5*x - 420 = -4*b. What is the highest common divisor of 21 and x?
21
Suppose 7 = -5*z + 107. Let y be (-120)/32*128/(-6). Suppose 30 = -d + y. Calculate the greatest common divisor of z and d.
10
Suppose w = p + 6*w - 8, 0 = p - 2*w - 22. Let c = -13 + p. Calculate the greatest common divisor of 5 and c.
5
Let q be 1/3 - 182/6. Let s = q - -52. Let f be 1/((-1)/(-66)) - 0. Calculate the highest common divisor of s and f.
22
Let m = 5 - 3. Calculate the greatest common divisor of 1 and m.
1
Suppose 44*b + 4 = 46*b. What is the greatest common divisor of b and 1?
1
Let u(v) = v**3 - 4*v**2 + 2*v + 5. Let p be u(4). Suppose -r = 4*r - 455. Calculate the greatest common factor of r and p.
13
Let d = 52 - 41. What is the highest common divisor of 88 and d?
11
Suppose -1 + 9 = 2*s. What is the highest common divisor of 2 and s?
2
Suppose -46 = -2*k + 4*y + 76, 0 = 3*k - 5*y - 184. What is the highest common divisor of 18 and k?
9
Let q(j) = j**2 + 3*j - 1. Let r be q(-4). Calculate the highest common divisor of r and 9.
3
Let x(t) = 11*t - 21. Let n be x(9). What is the greatest common factor of 6 and n?
6
Suppose 5*f - 3*f - 12 = 0. Suppose 0 = 2*d - 3*d + 2*z + 11, 0 = -5*d - 3*z + 42. Suppose 3 + d = 2*w. What is the highest common factor of f and w?
6
Let k = 25 - 10. What is the greatest common divisor of k and 75?
15
Let f(h) be the third derivative of h**4/4 - 13*h**3/6 + 5*h**2. Let o be f(13). What is the greatest common factor of 13 and o?
13
Suppose 3*c - 2*i - 220 = 0, -3*i - 143 = -5*c + 222. Calculate the highest common factor of c and 14.
14
Let v(s) = -s**3 - 5 + 8 + 7*s**2 - 5*s - 2*s. Let u be v(6). Let x be 3*11*(-1)/u. What is the highest common divisor of 11 and x?
11
Let u(w) = 3*w - 5. Let t be u(7). Suppose m + m - 160 = 0. Suppose 12 = y + d - 2*d, 4*y - m = -4*d. What is the highest common factor of t and y?
16
Let v = 279 - 159. Let a be (-2)/7 - v/(-28). Suppose -a*p = -26 - 506. Calculate the greatest common divisor of 19 and p.
19
Suppose -3*j - 2*l - 10 = -119, 4*l = j - 55. What is the highest common divisor of j and 273?
39
Suppose 3*d + 0*d - 27 = 0. Let i(t) = 12*t**2 - 3*t. Let l be i(3). Calculate the highest common divisor of d and l.
9
Let o = 2 - 2. Let k be 1/(17/(-6) - -3). Let p be (-10)/(o - 2/k). What is the greatest common divisor of 6 and p?
6
Let v = -9 - -15. Suppose a = -v + 28. What is the highest common factor of a and 110?
22
Let h = 30 - 16. Let j(m) = -m**2 + m + 28. Let n be j(0). Calculate the highest common factor of h and n.
14
Let w = -14 + 49. What is the greatest common divisor of w and 280?
35
Let i be ((-63)/45)/(1/(-25)). Suppose -2 = -y - m, -5*y + 5*m + 52 = 12. Calculate the greatest common divisor of i and y.
5
Let m(b) = b**2 - b - 2. Let p be m(2). Suppose p = 2*i - 39 - 9. What is the greatest common divisor of 12 and i?
12
Let z = 5 + -4. Let u be ((-3)/6*-10)/z. Suppose -2*k + 228 + 8 = 4*m, 0 = u*m - k - 302. Calculate the highest common factor of 12 and m.
12
Suppose 1 = 5*c - 24, -3*g + 4*c + 1 = 0. Let h = -83 - -139. What is the greatest common factor of g and h?
7
Let g(v) = -v**3 + 3*v**2 + v + 3. Let k be g(3). Let i(m) = 2*m**2 - 4*m + 6. Let q be i(k). Calculate the highest common divisor of 9 and q.
9
Let y(b) = b**2 - 3*b - 6. Let t be y(6). Calculate the greatest common factor of 24 and t.
12
Suppose -2*d = -5*d. Suppose 3*o - 3 - 309 = d. What is the greatest common factor of o and 13?
13
Suppose -3*b = -11 - 4. Let u be (9 - 8)/(2/52). Suppose -b*r + u = -29. What is the highest common divisor of r and 55?
11
Suppose 2*z - 33 = -3. Let w = z - -3. Let f be (-5 - 0 - 11)*3/(-4). Calculate the greatest common divisor of w and f.
6
Suppose 3*z = 12, -2*v - 5*z + 8 + 0 = 0. Let i be (-184)/(-12) - (-2)/v. What is the greatest common divisor of 5 and i?
5
Let s be 18 - (-11)/((-22)/(-8)). What is the highest common factor of s and 11?
11
Let p be (-34)/(-5) + (-12)/15. Let o = 3 - -2. Suppose -o*k = -0*k - 90. Calculate the highest common divisor of p and k.
6
Let y(m) = -2*m**2 - 12*m + 6. Let s be y(-6). What is the greatest common divisor of s and 42?
6
Let q = 15 - 10. Suppose -2*k + 13 = -7. What is the highest common divisor of k and q?
5
Suppose 535 = 5*l - 5*i, 2*i - i = -3*l + 313. Suppose 0 = -4*p - 0*p - 3*z + 69, 4*z + 33 = 3*p. Calculate the highest common factor of l and p.
15
Let c be -2 + (-4 - -2)*-3. Suppose 4*h + 4 = 2*v, 2*h + h = c*v - 23. Let s = v - 5. Calculate the highest common factor of s and 12.
3
Let o = 99 + -27. What is the greatest common factor of 108 and o?
36
Let s be (6/12)/((-2)/(-4)). Calculate the highest common divisor of s and 11.
1
Let c = 102 - 96. Calculate the highest common factor of c and 66.
6
Suppose c - 3*c + 6 = 0. Let i be 0/(5 - c/1). Suppose -2 = -b + 4*s, i = -4*b - 6*s + 2*s + 48. Calculate the highest common factor of 5 and b.
5
Suppose 4*x - 5 - 7 = 0. Calculate the greatest common divisor of 3 and x.
3
Let f be -7*(-7 + 1) + 2. What is the greatest common divisor of 33 and f?
11
Let m be 14 + 3/(-6)*0. Suppose -25 = 4*b + f, 0*f = 2*b - 2*f. Let o be ((-28)/b)/((-6)/(-165)). Calculate the highest common factor of o and m.
14
Let u = -32 - -104. What is the highest common divisor of 48 and u?
24
Suppose 0 = -0*t + 5*t - 60. Suppose t = -4*m, 2*u + m - 180 = -3*m. What is the greatest common divisor of 24 and u?
24
Suppose 2*a - 93 = a. Let f = -511 + 716. Let p = f - a. Calculate the highest common factor of p and 16.
16
Let b(h) = -3*h + 9. Let x be b(-3). Let a = 74 - 29. What is the greatest common factor of a and x?
9
Let f = 7 + 7. Let n(y) = -y**2 + 6*y + 29. Let u be n(9). What is the highest common factor of f and u?
2
Let x(g) be the second derivative of -g**3/6 + 10*g**2 - 2*g. Let j be x(0). Calculate the highest common divisor of 20 and j.
20
Suppose -3*c = -5 - 25. Let h(q) = 15*q + 5. Let a be (7/(-3) + 2)*-15. Let b be h(a). What is the greatest common factor of b and c?
10
Let k = 15 + -11. Suppose -2*s + 3*j + k = -42, 5*s - 5*j - 120 = 0. Calculate the greatest common divisor of 13 and s.
13
Let r = 17 - 12. Let y be (-2)/r - (-4)/10. Suppose 2*p = -j + 19, 2*p + 0*p + 3*j - 17 = y. What is the greatest common divisor of p and 90?
10
Let c be (1 - 3)/2*-4. Let y = c + 13. Suppose -2*a = -7*a + 680. Calculate the highest common factor of a and y.
17
Let m = -6 - -10. Let p = m + 3. Suppose 0 = s + p - 25. Calculate the greatest common factor of 45 and s.
9
Suppose 7*y - 60 = 2*y. Suppose 3*l = -l + y. Let j(b) = b**3 + 27. Let w be j(0). What is the greatest common factor of w and l?
3
Let k be (1/3)/((-2)/(-6)). Let s = k - -9. What is the highest common factor of 10 and s?
10
Let k = 24 + -13. Calc